= -3*b. Suppose 4*r - 19 - 41 = b. What is the remainder when 44 is divided by r?
14
Let x be (-1 + -3)*243/(-4). Let k be x - (-1 - (2 - 2)). Suppose i + 4*r - 54 - 7 = 0, 4*i + r - k = 0. What is the remainder when i is divided by 21?
19
Let o be (-94)/10 + 8/20. What is the remainder when 39/9 - 6/o is divided by 2?
1
Suppose -d + 6*d = 475. Suppose -h + 3 = -21. Calculate the remainder when d is divided by h.
23
Suppose -3*l - 2*l + 287 = j, 0 = -4*l + 5*j + 218. What is the remainder when l is divided by 12?
9
Let n(p) = 11*p + 22. Calculate the remainder when n(11) is divided by 36.
35
Let h be (-2 - (1 - 2))*-1. Suppose -4*a = -9 + h. Suppose 2*x - a*j - 58 = 0, 0*x - x - 5*j - 1 = 0. Calculate the remainder when x is divided by 13.
11
Let k(w) = -4*w**2 - 6*w. Let m be k(-4). Let g = m - -79. Calculate the remainder when g is divided by 14.
11
Calculate the remainder when 14 - (0 + (1 - 1)) is divided by (4 + -6)/(1/(-2)).
2
Let l(d) = -d**3 + 5*d**2 + 5*d - 7. Suppose 19 = -5*g + 69. Calculate the remainder when l(5) is divided by g.
8
Let s be 311 - (-3)/(6/8). Suppose 0 = 27*v - 22*v - s. What is the remainder when v is divided by 22?
19
Suppose 0 = 2*l - k - 60, 3*l - 3*k = 8 + 85. Let u = 46 - l. Calculate the remainder when 65 is divided by u.
14
Suppose -5*t = -0*s - s + 22, 2*s = -4*t + 58. What is the remainder when s is divided by 7?
6
Let x(r) = r**2 - 3*r - 3. Let y = 87 + -81. What is the remainder when x(-3) is divided by y?
3
Let g(r) = -r**3 - 5*r**2 - 6*r + 7. Calculate the remainder when g(-6) is divided by 27.
25
Let h be ((-2)/(-6))/((-2)/6). Calculate the remainder when 17 is divided by (h*30/(-3))/1.
7
Let r(h) = -21*h**3 + 3*h + 2. What is the remainder when 77 is divided by r(-1)?
17
Let t(f) = 6*f**2 - 4*f + 13. What is the remainder when t(3) is divided by 19?
17
Let t = 25 + -16. Let f be (-3)/(2*2/(-8)). Let p(m) = m**2 - 4*m + 4. Calculate the remainder when p(f) is divided by t.
7
Suppose -3*p + 49 = 5*z - 87, -5*z + 133 = 4*p. Calculate the remainder when z is divided by 16.
13
Suppose -l - 2*i - 2*i = 14, -4*l - 5 = -i. What is the remainder when 94 is divided by 6/l + (-105)/(-3)?
30
Let i be (-1)/(-1 - 2/(-3)). Suppose i*v - 18 = -3. Let d = 16 - v. Calculate the remainder when 31 is divided by d.
9
Let t = -159 + 183. Calculate the remainder when 68 is divided by t.
20
Suppose -y - 140 = -6*y. Let f = 12 - 8. What is the remainder when y is divided by (-34)/(-4) - (-6)/f?
8
Suppose -12*i + 1290 = -2*i. What is the remainder when i is divided by 33?
30
Calculate the remainder when 179 is divided by ((-20)/(-24))/((-4)/(-12))*18.
44
Suppose 5 = -2*i + 1. Let y(c) = 22*c**2 - c + 2. What is the remainder when y(i) is divided by 31?
30
Suppose 2*o - 69 + 13 = -g, 5 = -5*o. Suppose 2*j - g = -4*p, 0*p - p = 3*j - 62. What is the remainder when j is divided by 11?
8
Let q(v) be the second derivative of 2*v**3/3 - 7*v**2/2 - 3*v. What is the remainder when 33 is divided by q(6)?
16
Suppose -4*l + 87 = 2*r - 17, -48 = -r - 3*l. What is the remainder when r is divided by 21?
18
Let w = 28 + -9. Suppose -181 + w = -3*m. Let x = m + -37. Calculate the remainder when x is divided by 10.
7
Let x be (0 - -4)*1/(-2). Let b(k) = k**3 + k**2 - 2*k. Let d be b(x). Let c = d - -4. What is the remainder when 7 is divided by c?
3
Let m(h) = -h**3 + 5*h**2 - 3*h - 4. What is the remainder when 8 is divided by m(3)?
3
Let a(p) = -5*p - 3. Let k = -14 - -18. Suppose -r = -u - 12 + 49, 138 = k*u + r. What is the remainder when u is divided by a(-3)?
11
Let v(u) = u + 8. Let j be v(-9). Let q be j/2*(0 - 0). Suppose q*w - 32 = -2*w. What is the remainder when w is divided by 9?
7
Let l(q) = -1 + 0*q + 0*q - 5*q**3 + q**2. Let o(c) = c**3 - 19*c**2 + 20*c - 37. Let i be o(18). Calculate the remainder when 12 is divided by l(i).
2
Let c(p) = -p**3 + 11*p**2 + 9. Calculate the remainder when c(11) is divided by 6.
3
Let n(r) = r + 4*r**2 + 0*r - 2*r**3 + r**3 + 2*r. Suppose 1 = -5*c + 21, 5*y - 2 = -3*c. Calculate the remainder when 34 is divided by n(y).
16
Suppose 2*g - 7 = -3*d, 0*g - d = -g + 1. Let j = 1 - -4. Suppose -3*m - 6 = j*w + 1, -12 = 3*m. Calculate the remainder when g is divided by w.
0
Let u(f) = f**3 + 6*f**2 - 11*f - 9. What is the remainder when u(-7) is divided by 6?
1
Suppose -6*g = -g - 55. Suppose 2*f = -2*v - 0 - 4, 0 = 3*f + 15. Calculate the remainder when g is divided by v.
2
Suppose -6*c = -455 + 131. Calculate the remainder when c is divided by 14.
12
Suppose 0 = 5*m + 2*c + 3*c + 45, -4*m = c + 24. Let d = 9 - 4. What is the remainder when d is divided by (-4)/(-1)*(-4 - m)?
1
Let j(u) = u**3 + 10*u**2 + 4. Suppose 0 = 3*y + 5*q + 5, -4*y - 51 + 6 = -q. Let k be j(y). Let d = 13 + k. What is the remainder when 49 is divided by d?
15
Suppose 0 + 6 = 2*p. Suppose -u + 80 = 5*m - 0*m, p*m = -2*u + 48. What is the remainder when 30 is divided by m?
14
Let k(x) = -2*x + 79. What is the remainder when k(16) is divided by 8?
7
Let d = -19 - -27. Let v(m) = -23*m**3 + m**2 + 2*m + 1. What is the remainder when v(-1) is divided by (-49)/(-4) - 2/d?
11
Let f(q) = q**3 + q**2 - 1. Let r(w) = -7*w**3 - 12*w**2 + 3*w + 2. Let y(t) = -6*f(t) - r(t). What is the remainder when 42 is divided by y(-6)?
20
Suppose 0*x - 30 = -3*x. Suppose 0 = 6*f - f - x. What is the remainder when (f/(-4))/(3/(-66)) is divided by 3?
2
Suppose 3*p - 45 = 4*l + l, 4*p + l = 83. Suppose -3*u + 3*n + 27 = 9, 4*n = p. Calculate the remainder when 32 is divided by u.
10
Suppose -n + 7 = -0. Calculate the remainder when 6/(-36) - (-302)/12 is divided by n.
4
Let c = -9 + 13. What is the remainder when c is divided by 3?
1
Suppose -2*x = -x - 15. Calculate the remainder when 41 is divided by x.
11
Let l(x) = -x**2 - 2*x - 16. Let o be l(0). Let r = o - -27. What is the remainder when 31 is divided by r?
9
Suppose 0 = 2*j + 3*j - 20. Suppose 2*s = -v + 99, -3*v = 5*s - j*v - 251. Let g = 21 - 4. Calculate the remainder when s is divided by g.
16
Let w(z) = 3*z**2 + 15*z. What is the remainder when w(-6) is divided by 5?
3
Suppose 0*j = -j + 53. Let y = 49 - 35. What is the remainder when j is divided by y?
11
Let g(x) = -x**3 + x**2 - 2*x + 9. What is the remainder when g(-4) is divided by 10?
7
Let d be 90/4 + (-2)/(-4). What is the remainder when 46 is divided by 2 + d + (-2)/2?
22
Suppose -4*u - 4*g - 1 + 13 = 0, -5*u = 4*g - 19. Let q = 1 - -1. Suppose 28 + 10 = q*t. What is the remainder when t is divided by u?
5
Let d(n) = 8*n**2 + 2. Let w be (18/(-8))/((-9)/24). Suppose 2*l = -2*j + 30, 2*j - w*j = 5*l - 72. What is the remainder when d(-2) is divided by l?
10
Suppose -3*d + 30 = -d. Suppose 16*g = 5*g + 473. Calculate the remainder when g is divided by d.
13
Let t(r) = -r**3 + 9*r**2 - 8*r - 8. Let w = 25 - 15. Suppose 2*z = w + 14. Calculate the remainder when t(7) is divided by z.
10
Let r(l) = l**3 + 13*l**2 + 11*l - 4. Let n be r(-12). Calculate the remainder when n + 4 + (-4)/(-2) is divided by 3.
2
Suppose 0 = -g + 4*g - 45. Suppose -3*q = -8*q + g. Calculate the remainder when 25 is divided by (-2)/(-6) - (-26)/q.
7
Let w = -34 - -47. Suppose 3*k - 570 = -2*k. Suppose -2*l + k = 3*p - l, -5*p + 3*l = -190. What is the remainder when p is divided by w?
12
Let b = 11 + -9. Suppose -d = -4*h - b, 38 = 3*d - 7*h + 3*h. Calculate the remainder when 70 is divided by d.
16
Suppose -2*v + 55 - 1 = 0. What is the remainder when 80 is divided by v?
26
Let r be (5 + -6)/((-2)/(-10)). Let w be ((-4)/10)/(1/r). Calculate the remainder when w + 16 + 1/1 is divided by 7.
5
Let y(a) = a**2 - 2*a - 1. Let n be y(3). Suppose -92 = -2*g - 4*b, -3*b - n*b = -5. What is the remainder when g is divided by 15?
14
Suppose 16 = -4*h, d - 4 = -0*d + 3*h. Let m = -1 - d. Let t = 30 - 17. Calculate the remainder when t is divided by m.
6
Let y(r) = -71*r**3 + 2*r**2 - 1. What is the remainder when y(-1) is divided by 25?
22
Suppose 5*n = 4*r - 146, -4*n - n = 3*r + 153. Suppose 4*z - 4 = -3*c + 114, 5*z + 136 = 3*c. Let l = n + c. Calculate the remainder when 23 is divided by l.
11
Suppose -5*w = -5*l + 90, -2*l - 5*w + 4 = 3. What is the remainder when l is divided by 7?
6
Suppose -27 = -5*f - 4*f. What is the remainder when 16 is divided by f?
1
